 + 5*i + 8. Let y be b(6). Let x(w) be the third derivative of -w**5/60 + w**4/12 + w**3/3 + w**2. Determine x(y).
2
Let s(q) = 1 + 3*q**2 + q + 6*q**2 - 6*q - 10*q**2. Let i = 2 - 8. Calculate s(i).
-5
Suppose -5*o + 8*o = -4*x - 11, -4*o - x + 7 = 0. Let g(d) = 2*d + 1. Let r be g(1). Let u(h) = h + o*h + 0*h - r*h - 2. What is u(2)?
0
Let m be (-28)/(-12) + (-1)/3. Let r(t) = 2 - t + 2 + m + 2*t. What is r(-5)?
1
Let d(g) = g**3 - 6*g**2 + 5*g - 8. Let n(r) = -2*r**3 + 11*r**2 - 9*r + 15. Let b(h) = 11*d(h) + 6*n(h). Determine b(2).
-4
Let u(z) = z - 9. Let x be u(4). Let s(y) be the second derivative of -y**5/20 - y**4/3 + y**3 - y**2/2 + 16*y. Calculate s(x).
-6
Let v be 64/(-12) - 4/6. Let f(l) = -l**3 - 5*l**2 + 4*l. Calculate f(v).
12
Let p(i) = -i - 4. Let n(z) = -z**3 - 7*z**2 + 3. Let x be n(-7). Let v be 21/x + (-1)/1. Let g = v + -12. Give p(g).
2
Suppose 21 = -3*g - 0*g. Let a = 1 + g. Let p(t) = t**3 + 7*t**2 + 7*t - 2. Give p(a).
-8
Let l(v) = -6*v**3 + 9*v**2 + 2*v - 5. Let u(x) = 5*x**3 - 8*x**2 - x + 4. Let g(p) = p**2 + 9*p + 10. Let z be g(-7). Let o(s) = z*l(s) - 5*u(s). What is o(3)?
0
Let l = -2 - -2. Let o(b) = -2*b**2 + 7*b**2 - 6*b**2 + 2*b**2 - b**3 + 2 + b. What is o(l)?
2
Let x(q) = q**2 - 11*q - 5*q + 15*q - 2. What is x(0)?
-2
Suppose 0*j = -j + 3. Let s(t) = 1. Let a(x) = -4. Let q(y) = 2*a(y) + 9*s(y). Let u(o) = -o**2 + 3*o - 4. Let w(b) = -3*q(b) - u(b). Give w(j).
1
Suppose 4 + 5 = -3*m. Let j(n) = 948*n - 2 + 3 + n**2 - 946*n. Determine j(m).
4
Let h be 12/(-9)*(-6)/4. Suppose -t - 3*a + 1 = -7*a, a = h*t - 2. Let n(m) = m**2 - 4*m + m + 0*m**2 + t + 4*m. Give n(-1).
1
Let k(q) = q**2 - 4*q - 2. Let p be k(5). Let c(h) = h**2 + 29*h + 1 - p*h**2 - 28*h. What is c(-1)?
-2
Let r(m) = 13*m + m**2 + 3*m + 1 - 4*m. Give r(-12).
1
Let v(f) = 6*f**2 + 19 + 1 + f**3 - 22 + 4*f. What is v(-5)?
3
Let u(d) = d**3 + 11*d**2 - 9*d - 4. Let l(y) = -2*y**3 - 23*y**2 + 18*y + 10. Let r(n) = 4*l(n) + 9*u(n). Calculate r(-8).
12
Let g(x) = -x**2 - 7*x + 3. Suppose 3 = -2*n - 13. What is g(n)?
-5
Suppose -h = 0, 2*z - 6 = -0*z - 2*h. Suppose -8 = z*o - 20. Suppose o = s + s. Let t(y) = y**3 - 4*y**2 + 1. Give t(s).
-7
Let w(u) = 3*u + 0*u - u + 2*u. Calculate w(1).
4
Let i(n) = -7 - 2*n + 5 + 0*n + 3. Suppose -c - 4*c + 125 = 0. Suppose 20 = 3*v + 4*u - 3*u, 3*u = -2*v + c. Give i(v).
-9
Let p(k) = -2 - k - 5 - k. Suppose 0 = 3*f - s + 18, -3*s - 16 = -f + 6*f. What is p(f)?
3
Suppose 2*f = -f + 3. Let x be f*4*(4 - 5). Let h(u) = 3*u + 3. Determine h(x).
-9
Let m(r) be the first derivative of r**2/2 - 9*r - 1. Suppose -70 = 2*k - 12*k. Calculate m(k).
-2
Let c(n) = -n**2 + 22*n + 50. Let d be c(24). Let r(p) = 4*p - 4. Give r(d).
4
Let u(g) be the third derivative of -g**4/12 - g**3 + 5*g**2. Give u(-6).
6
Let i be 8/36 + (-2)/9. Let p(x) be the second derivative of -3/20*x**5 - 1/12*x**4 + i - 1/3*x**3 - 1/2*x**2 + x. Determine p(-1).
3
Suppose -5*t + 1 + 109 = 0. Suppose 5*n - 34 = -a, 0*a + a = -3*n + t. Let c = n + -7. Let k(o) = 2*o + 1. What is k(c)?
-1
Suppose 4*k - x - 20 = 0, 5*k = 3*x + x + 25. Let h(z) = 2*z**3 + k + 3*z**2 - z**3 + z - 7. Give h(-2).
0
Let r(x) = x**3 + x**2 - 1. Suppose -l = -2 - 2. Suppose l*q = 9*q. Suppose -3 = -3*t - q. What is r(t)?
1
Let k(d) = -7*d**3 + 8*d**2 + 21*d - 9. Let m(i) = -11*i**3 + 12*i**2 + 32*i - 13. Let u = 7 - 2. Let w(v) = u*m(v) - 8*k(v). Calculate w(5).
-8
Let b = 21 - 8. Let v = -5 + b. Let w = -5 + v. Let r(c) = c**2 + 3. Give r(w).
12
Let n(u) = 5 + 4*u + u**2 - 2*u**2 - u. Let o = 70 + -66. What is n(o)?
1
Let m(v) = v**3 + 4*v**2 - 10*v + 7. Let q be m(-6). Let o(c) = -c**2 - 8*c - 4. What is o(q)?
11
Let p = -9 + 11. Suppose -w = p*w - 3*t, 2*w + 1 = t. Let f(h) = -9*h + 1. Determine f(w).
10
Let m be ((-15)/(-10))/((-2)/4). Let a(i) = 2*i**2 + 5*i + 3. Determine a(m).
6
Let d(o) = -o + 2. Let w be d(2). Let c(t) be the second derivative of -t**3/6 - 4*t**2 + t. Give c(w).
-8
Let u(a) be the third derivative of a**5/60 - a**4/8 + a**3/6 + a**2. Determine u(3).
1
Let x = 83 + -88. Suppose -3 = s - 2*b, b - 5*b - 1 = -3*s. Let y(l) = 0*l + 0*l**2 + s - 3*l - l**2. Calculate y(x).
-3
Let j = -9 + 12. Suppose j = -2*y - y. Let p(k) = 3*k**2 - k**2 + 5*k**2. Determine p(y).
7
Suppose 0 = -4*y - 16 - 0. Let n = y - -7. Let w(i) = -2 + 3*i - 8*i + i**3 + 3*i**2 + n. What is w(-4)?
5
Suppose 8 = -3*d + 2*d. Let a(k) = -k**2 - 9*k - 1. Determine a(d).
7
Let q = 15 - 16. Let s(u) = 3*u + 1. What is s(q)?
-2
Let f(i) = 2*i + 6. Let r(m) = m - 7. Let w be r(2). What is f(w)?
-4
Let p be 2 + (-7)/(21/18). Let f(x) = 4 - 2*x + 0 - x. Let u(i) = -5*i + 8. Let j(m) = p*u(m) + 7*f(m). What is j(-5)?
1
Let z be ((-10)/(-5))/(4/10). Let c = 4 + -2. Let o(y) = -c - 3*y + 0*y + z*y + 6. Determine o(-3).
-2
Let b(p) = p**3 - 6*p**2 - 6. Let y = 34 + -28. Give b(y).
-6
Let j = -5 - -5. Let s(h) be the third derivative of j - 2*h**2 + 0*h**3 + 1/24*h**4 + 0*h. Give s(-4).
-4
Let k(t) be the second derivative of -t**3/6 - 3*t**2/2 + 10*t. Calculate k(-3).
0
Let c(v) = v**3 - 3*v**2 + 2*v + 2. Let o be c(2). Suppose 5*j = j + 4. Let d(z) = 3*z - z**2 + z + z - j. Give d(o).
5
Suppose -10*l = -9*l - 2. Let d = l + 2. Let w(k) = 0*k - 5*k**2 + k + 1 + k + k**3. Determine w(d).
-7
Let k(p) = 6*p + 1. Let t(w) = w**2 - 6*w + 2. Let b be t(6). Suppose -3*l - x = 7, 0*l - 3*x - 7 = b*l. Determine k(l).
-11
Suppose 3*k + 27 = -2*k + 4*z, 4*k + 22 = 3*z. Let l be k + (2*-4)/(-4). Let s(x) = x + 3. Give s(l).
-2
Let i(l) = -l + 2. Suppose 0 = 2*k - 28 + 26. Calculate i(k).
1
Let c(f) be the third derivative of -f**4/24 - f**3/2 - 14*f**2. Calculate c(-8).
5
Let i(p) be the second derivative of p**5/20 - 3*p**4/4 + 7*p**3/6 - 3*p**2 + 10*p. Determine i(8).
-14
Let q(x) be the second derivative of -x**5/20 + x**4/3 - 5*x**3/6 + x**2 + x + 12. Determine q(3).
-4
Let x(m) = -m**2 - 5*m - 1. Let o be (3/12)/(1/4). Let q = o - -1. Suppose -11 = 3*y - q. Give x(y).
5
Let o(l) = -4 - 2*l + 4*l**2 + 5 - 5*l**2. Let q(k) = k. Let x be (-15)/(-10) - (-14)/(-4). Let b be q(x). Give o(b).
1
Let f(x) = x**3 + 11*x**2 + 16*x - 10. Let d be f(-9). Let i(b) = -b**3 + 7*b**2 + 10*b - 9. Determine i(d).
7
Suppose 12 = 5*f - f. Suppose -2*h + 8 = 4*u, -4*h + h = -2*u + 4. Let t(n) = -2 + 0*n + h + n. Calculate t(f).
1
Let v(p) = -2*p - 1. Let y(f) = f**2 - 6*f - 2. Suppose 2*h = 2, 3*u - h - 34 = -2*u. Let c be y(u). Suppose 2*j + 0 = -b + 2, 3*j = c*b + 29. Calculate v(b).
7
Let d(r) = -3*r + 1. Let h(t) = 2*t. Let o be h(-2). Determine d(o).
13
Let r(i) = 0*i - 1 - 2*i + 0*i. Let h(a) = 2*a - a + 0*a + 1. Let l be h(-2). Calculate r(l).
1
Suppose -b = -2*b - 3. Let a(p) = 3*p + 3. Calculate a(b).
-6
Let t = -3 + -1. Let q(m) = -m**3 - 4*m**2 + 2*m + 3. Let p be q(t). Let b(a) = -5*a**2 + 4*a + a**3 - 2*a**3 - 3*a - 3. Determine b(p).
-8
Let a be (-32)/6*27/12. Let w(p) = -p**3 - 12*p**2 - 9. Give w(a).
-9
Let g = 62 + -61. Let u(z) = -20*z**2 + 1. Determine u(g).
-19
Let u(y) = y + 8. Suppose -10*p + 20 = -5*p. Suppose -p*w - 24 = -0*w. Calculate u(w).
2
Let a(q) = 3*q**2 + 5*q + 3. Suppose -5*v - 6 = -3*n, -4*v = -0*v - 4*n. What is a(v)?
15
Suppose 0 = -0*z - 2*z + 8. Let s(y) = y**2 + 3*y - z*y**2 - y**3 - 5 - y**2. Let d(f) = f**3 + 2*f**2 + 3*f + 1. Let n be d(-2). Determine s(n).
5
Suppose 2*i = -i + 6. Let b(l) = -48*l**3 + l**i - 4*l - 7*l**2 + 47*l**3 - 6. Give b(-5).
-11
Let h(v) = -v**3 + 5*v**2 + 9*v - 13. Let x be h(6). Let t(j) be the second derivative of j**3/3 - 5*j**2/2 - j. Give t(x).
5
Let s(i) = 2*i + 5. Let b(w) = -3*w - 9. Let q(u) = -3*b(u) - 5*s(u). Give q(7).
-5
Suppose -7 = -4*c + 1. Let h(l) = l**3 - 5*l**2 - c*l + 7*l + 0*l - 5. Suppose -5*a + 8 = -12. Determine h(a).
-1
Let x(l) = l + 1. Let o(h) = -18*h**3 - 2*h**2 + h. Let t be o(1). Let v = 8 + t. Let r = -8 - v. What is x(r)?
4
Let o(g) = 3*g**2 + 8*g - 8. Let h(l) = l**2 + 3*l - 3. Let c(z) = 11*h(z) - 4*o(z). Give c(0).
-1
Suppose 3*u - 2*u = -4. Let q(t) be the third derivative of t**6/120 + t**5/20 - 5*t**4/24 - t**2. Determine q(u).
4
Suppose 3*d - 3 - 12 = 0, 3*w - 26 = -4*d. Let u(j) = j**3 + j**2 + j - 4. Let n(b) = -b**2 - 1. Let m(k) = w*n(k) - u(k). Determine m(-3).
5
Let q(b) = 3*b**3 + 7*b**2 + 4*b + 3. Let t(m) = 